
Let n(k) = k**2 - k + 13. Let p(a) = a - 8. Let j be p(8). What is the tens digit of n(j)?
1
Let h(z) = 7*z**3 + z**2. Let d be (-4)/6 + 4/6. Let m = d - -1. What is the units digit of h(m)?
8
What is the tens digit of (-116)/(-10)*(-10)/(-4)?
2
Suppose -6*s = -4*s - 6. Suppose 5*n - s = 3*y - 2, -5*n + 2*y + 4 = 0. Suppose 4*o - 4*t + 0 = 4, 3*o + n*t - 18 = 0. What is the units digit of o?
4
What is the units digit of (-7 + 3)*87/(-12)?
9
Let h be (-10)/6*(4 - 7). Suppose k + 105 = h*u, -u + 60 = 3*u + 4*k. Suppose -5*l + 80 = u. What is the tens digit of l?
1
Suppose 0 = 4*s + s + 3*a - 1072, 4*s - 864 = 4*a. What is the hundreds digit of s?
2
Suppose 114 = -5*c + 6*c. What is the tens digit of c?
1
Let r(v) = 52*v. What is the tens digit of r(1)?
5
What is the units digit of (315 + (-3)/(-1))/2?
9
Let b = 64 + -43. Suppose -1 - 14 = -5*u. Suppose -u*c + b = -0*c. What is the units digit of c?
7
What is the units digit of (136/(-10))/(1/(-5))?
8
Let t(c) = -6*c. What is the units digit of t(-1)?
6
Let s(j) = -2*j - 1. Let n(q) = -4*q - 2. Let b(y) = 6*n(y) - 14*s(y). What is the tens digit of b(3)?
1
Suppose -6*l + 3*l = -4*s + 23, -s + 8 = -3*l. Suppose 3*p = s*p - 38. What is the units digit of p?
9
Let p(r) = -7*r**3 + 13*r**2 + 9*r + 15. Let l(a) = a**3 - a**2 - 1. Let j(g) = 6*l(g) + p(g). What is the units digit of j(8)?
7
Let h be (8/6)/(2/36). Let j be (-2)/(-3) + h/18. Suppose 2 + 14 = j*i. What is the units digit of i?
8
Let z(n) = n**3 - 4*n**2 - 5*n + 1. Let x be z(5). Let v be (1/3)/(x/6). Suppose v*a - 28 = -2*a. What is the units digit of a?
7
Let r = -73 - -144. What is the units digit of r?
1
Suppose 0 = -q + 5*q - 124. What is the tens digit of q?
3
Let p = 3 + -3. Suppose p = z - 6*z + 3*d + 67, 3*z - 37 = d. What is the units digit of z?
1
Let i(x) = 13*x**2 - 1. Let l(v) be the second derivative of 13*v**4/4 - 3*v**2/2 - 4*v. Let b(h) = -8*i(h) + 3*l(h). What is the units digit of b(-1)?
2
Let n(p) = 2*p**2 + p + 3. Let t be n(3). Let o = t + -17. What is the units digit of o?
7
Let k = 18 + -12. Suppose 8*t = k*t + 80. What is the tens digit of t?
4
Suppose -h - 1 = 5. Let f = h - -12. Suppose 3*b - f*b = -6. What is the units digit of b?
2
Let w be 3 + -3 + 4 + 0. Suppose -45 = -w*x + 83. What is the units digit of x?
2
Let z be (-16)/(-12)*3*-2. Let d = z + 10. What is the units digit of 0 + 3 - d - -7?
8
Let i = 1 + 2. Let l = 8 + i. What is the units digit of l?
1
Suppose -3*c + 4 = -q, -2*q = 6*c - c - 47. Let u(p) = -p + 20. What is the units digit of u(q)?
9
Suppose 0 = -q - 4*q + 5510. Let g be (-2)/9 + q/18. Suppose 10 - g = -3*y. What is the tens digit of y?
1
Suppose -4*x - 18 = -6*x. Let q be 570/x - 4/(-6). Suppose 0 = -2*c - 2*c + q. What is the tens digit of c?
1
Let b be ((-8)/6)/(2/(-6)). Let i = 6 - b. Suppose i*q = 4*a - 40, a = -0*a - 3*q + 3. What is the units digit of a?
9
Let t be 1 + -2 - (1 + -2). Suppose t*c - c = -3. Suppose 2*g - 11 = -c. What is the units digit of g?
4
Suppose 0 = -4*h - 5*q + 78, -4*h - 3*q + q + 72 = 0. What is the units digit of h?
7
Suppose 0 = 2*t - 4*t + 4*v + 16, t - 3*v = 5. Let s = 8 - t. Let b = -4 - s. What is the units digit of b?
2
Let n(y) = y + 2. Suppose -5*u + q + 2 = -12, -12 = 4*u + 5*q. Let s be n(u). Let o(m) = -m + 5. What is the units digit of o(s)?
1
Let v = 0 - -3. Suppose -2*a + 5 = v. What is the units digit of a?
1
Suppose 4*s + p + 24 = -2*p, 3*s + 5*p + 29 = 0. Let y be 4/s*(-3)/2. Suppose q = -0*q + y. What is the units digit of q?
2
Let j = 0 + -12. Suppose -3*c - c = 20, -c - 21 = 4*a. Let o = a - j. What is the units digit of o?
8
Let h = 3 - 1. Suppose -12 = -6*o + h*o. What is the units digit of o?
3
Let k(t) = 7*t**3 - t + 1. What is the units digit of k(1)?
7
Let p = 13 - 5. What is the units digit of p?
8
Let h(x) be the first derivative of 9*x - 1 + 4*x**2 + 1/3*x**3. What is the units digit of h(-8)?
9
Let a(t) = 3*t**2 - 18*t - 9. Let r(c) = 5*c**2 - 27*c - 13. Let g(y) = -8*a(y) + 5*r(y). Let j = -28 - -19. What is the units digit of g(j)?
7
Let v be 8/(-4) - -4 - -158. Suppose v = 4*d + 2*p, 3*d + 6*p - 115 = 2*p. What is the tens digit of d?
4
Let v = 21 - 35. Let t = -12 - v. What is the units digit of t?
2
Suppose -26 = -5*q - 6. Suppose -q*b + 94 = 5*c, 3*c - 36 = c - 2*b. What is the units digit of c?
2
Suppose 2*v - 6*v + 132 = 4*y, 4*v + 116 = 4*y. Suppose -4*h = -k + y, -3*k - 4*h + 7*h = -57. Suppose 8*o - k = 3*o. What is the units digit of o?
3
Let i be (-126)/10 - 14/35. Let z(k) = k**3 + 12*k**2 - 15*k - 10. What is the tens digit of z(i)?
1
Suppose -4*t - 11 - 13 = 0. Let g = t + 5. Let f = 6 + g. What is the units digit of f?
5
Let t = 0 + 1. Let i = t - 1. Suppose i = 3*r - 7 - 8, -41 = -2*x - 5*r. What is the units digit of x?
8
Let l = -6 + 4. What is the units digit of (-94)/l - (-12)/(-3)?
3
Let z = 1 + 2. Suppose 5 = g, -z*t - t - 4 = -4*g. Suppose -y + t*y - 39 = 0. What is the tens digit of y?
1
Suppose -x - 2*o + 14 = 0, 0*o + 64 = 4*x + 4*o. What is the units digit of (-104)/(-18) - (-4)/x?
6
Suppose 5*n - 4*c = -5 + 906, -3*n - 2*c = -523. What is the hundreds digit of n?
1
Suppose 0 = -3*x + j + 8 + 4, -3*j = 0. Suppose 4*w + x = 52. What is the units digit of w?
2
Let x(w) = w**2 - 2*w + 7. What is the tens digit of x(-5)?
4
Suppose 46 + 54 = 2*t. What is the tens digit of t?
5
What is the units digit of (-9)/6*7/((-21)/184)?
2
Let i(u) = -11*u + 18. What is the tens digit of i(-7)?
9
Let q be 928/22 + 6/(-33). Suppose -12 = -2*y + q. What is the units digit of y?
7
Let p = -94 + 96. What is the units digit of p?
2
Let r(p) = 2*p - p**3 - 6*p - 6 + 2*p**2 + 5*p**2. Suppose 0 = f + 5, 2*x + 0 = -3*f - 3. What is the units digit of r(x)?
6
Let g(p) = p**3 - 2*p**2 - 2*p. Let l be g(2). What is the units digit of 6/(-3 - 15/l)?
8
Let o(j) = -j**3 - 3*j**2 + j - 5. Let x be -1 + (0 - 2) - 1. What is the units digit of o(x)?
7
Let u(k) = -k**3 - 5*k**2 - 2*k. Let b be u(-4). Let g = 23 + b. Let o = g - 3. What is the units digit of o?
2
Suppose 2*x = 6*x - 20. Suppose x*u + k = -195, -3*u - 172 = u + 4*k. Let s = -26 - u. What is the units digit of s?
2
Let z be 3 - (-1 + -2 - -4). Suppose 3*w + 24 = 5*y - 4*y, -2*y = -w - 58. Suppose z*p = -p + y. What is the units digit of p?
0
Let d(m) = 3*m - 3. Let v be d(6). Suppose 2*n + 9 + v = 0. What is the units digit of -2*2*21/n?
7
Let d(q) = 28*q + 9. Let l be d(7). Suppose 140 = -x - l. What is the units digit of 2/9 + x/(-27)?
3
Let f be (42/(-9))/(6/(-9)). Suppose 0 = f*s - 3*s - 76. What is the units digit of s?
9
What is the tens digit of (1 + 18)/1*1?
1
Suppose -3*i + 17 = 5. Suppose 3*f + 3 + 0 = 0. Let o = i + f. What is the units digit of o?
3
Let j = 2 - -3. Let r = j - -2. What is the units digit of r?
7
Let z(p) = 0*p + p + 9*p**2 + p - 12 + 10. What is the units digit of z(-2)?
0
Let z be 14/(-4)*10/1. Let j = 22 + z. Let l = -7 - j. What is the units digit of l?
6
Let f(v) = v**3 - 4*v**2 + 3*v + 1. Let k = 4 - 0. What is the units digit of f(k)?
3
Let y(w) be the third derivative of w**6/30 + w**5/60 + w**4/24 - w**3/2 - 3*w**2. Let i(g) be the first derivative of y(g). What is the units digit of i(-1)?
1
Let z be -5 - -5 - (-1 - -1). Let d = 2 - z. Suppose 4 = -d*r + 18. What is the units digit of r?
7
Suppose -5*h + 19 - 3 = -3*g, 3*g + 1 = 2*h. Let u = 5 - g. What is the units digit of u?
2
Suppose 3*l = 3*x - 12, -24 = -5*x + l + 2*l. Let o be (x - 0)*(1 + -3). Let b = o - -20. What is the units digit of b?
8
Let t be 5*3*2/15. Suppose 3*p - t*c = 10, -1 = -c - 3. What is the units digit of ((-14)/(-4))/(1/p)?
7
Let m = -3 - -5. Let d be m - (1 - (-2)/(-2)). Suppose -5*t - d*i + 25 - 4 = 0, 0 = 4*t - i - 9. What is the units digit of t?
3
Suppose 3*b = 4*m - 797, 0 = 3*m - 5*m - 4*b + 404. What is the tens digit of m?
0
What is the tens digit of 2 - -2*3 - -2?
1
Suppose 3*u + 381 = 5*s + 76, 89 = s + 5*u. What is the units digit of s/10*(-10)/(-4)?
6
Let g(z) = -5*z - 1. Suppose -5*p + 7 - 2 = 0. Let y(j) = j. Let i(q) = p*g(q) + 6*y(q). What is the units digit of i(4)?
3
Suppose 0 = 5*u - 31 + 6. What is the tens digit of (u + 16)*(0 - -1)?
2
Let q(c) = -18*c - 90. What is the hundreds digit of q(-20)?
2
What is the tens digit of 213/6